tens digit of a(-5)?
4
Suppose 0 = 6*k + 2*k - 3792. What is the tens digit of k?
7
Let q(z) be the first derivative of z**3/3 + 2*z**2 - 16*z + 15. What is the units digit of q(-9)?
9
Let t(q) = -q**3 + 45*q**2 + 49*q - 66. What is the tens digit of t(45)?
3
Suppose -3*a - 513 = -2*r - 2267, 4*r + 2926 = 5*a. What is the hundreds digit of a?
5
Suppose 0 = r - 3*z - 3, 0 = r + 4*r + 2*z - 32. Let s = r + -4. Let j(i) = 19*i - 2. What is the tens digit of j(s)?
3
Suppose 0 = -2*w + 818 + 460. What is the tens digit of w?
3
Suppose -6*q - 5415 = -21*q. What is the hundreds digit of q?
3
Suppose -34*n + 28*n + 972 = 0. What is the hundreds digit of n?
1
Let s(b) = 14*b**3 + 3*b**2 - 3*b + 65. Let l(c) = -5*c**3 - c**2 + c - 22. Let x(m) = 17*l(m) + 6*s(m). What is the units digit of x(0)?
6
What is the tens digit of ((-4)/8 - -3) + 5457/6?
1
Let j = -3215 + 5180. What is the tens digit of j?
6
Let z(b) = 143*b + 55. What is the hundreds digit of z(4)?
6
Suppose 3*z + 1828 = -4*f + 7461, 2*f = -3*z + 2821. What is the thousands digit of f?
1
Let n(i) = i + 16. Let g(j) = -j - 11. Let b be g(-11). Let o be n(b). Suppose 0 = -o*f + 15*f + 11. What is the tens digit of f?
1
Let o be 5/(-1)*(-4)/10. Let p be 2/3*6/o. What is the tens digit of (p + 2)*78/12?
2
Let u(k) = -k**3 + 5*k**2 + 17*k + 3. Let z be (12/(-18))/(4/30). Let b be 4 - (1 + 1 + z). What is the tens digit of u(b)?
2
Let h(v) = v**3 + 3*v**2 + 4*v + 4. Let g be h(-3). Let r = -7 + g. What is the units digit of ((-50)/r)/(2/3)?
5
Suppose -4*c = -9*c + 1085. Suppose g = -5*v + 235, -4*v + 7*g = 2*g - c. What is the tens digit of v?
4
Let j = 2 + 92. Let l = -272 - -335. Let y = j - l. What is the units digit of y?
1
Suppose 10*a - 16680 = 5*a. What is the tens digit of a?
3
Suppose -5*x - 3 = -6*x. Suppose x*f + 0*f - 81 = p, -5*p + 127 = 4*f. Let t = -11 + f. What is the units digit of t?
7
Let n(x) = -x**2 - 8*x + 4. Let c be n(-8). Suppose -3*w = -c - 5. Suppose -w*q + 84 = 15. What is the units digit of q?
3
Let z(u) be the second derivative of -7/2*u**2 + 0 + 1/12*u**4 - u**3 + 14*u. What is the tens digit of z(-4)?
3
What is the hundreds digit of 259 + -2*(-9)/6?
2
Suppose -10*m + 12*m = 10. Suppose 5*a = 4*a - m. What is the units digit of (-3)/6 - a/2?
2
Let n be 14/(-77) - (-2851)/11. Suppose n = 6*a - a - 3*u, -5*a = u - 267. What is the tens digit of a?
5
Suppose 0 = s - 4*y - 17, 2*s - 7*s - 20 = y. Let u(h) = 8*h**2 - 2*h - 4. What is the tens digit of u(s)?
7
Let x(l) = -67*l**3 - 3*l**2 + l + 2. Let w be x(2). What is the tens digit of 3/((-12)/w) + -2?
3
Let n = -1673 + 4147. What is the thousands digit of n?
2
Let v(m) = -15*m + 14. Let z(n) = n - 1. Let u(h) = v(h) + 2*z(h). What is the tens digit of u(-5)?
7
What is the units digit of (-46)/(-115) + (-5778)/(-5)?
6
Suppose -44 - 8 = -2*t. Let r = t + 4. What is the units digit of r?
0
Suppose 0 = -10*r - 5 + 135. Suppose 0*f + f - 8 = 0. Let x = r - f. What is the units digit of x?
5
Let x = 111 + 56. Let y = 334 - x. What is the tens digit of y?
6
Suppose i + 5*x = 0, -2*i = 3*i + x. Suppose 100 = -4*g - i*g. Let l = g + 44. What is the units digit of l?
9
Let z be (-7 - -1)*2/4. Let m be 4/(-6) + (-11)/z. Suppose -m*x + 114 = -0*x. What is the tens digit of x?
3
What is the tens digit of 8/(-18)*-3*(-80562)/(-232)?
6
Let g(n) = -n**2 - 15*n - 3. Let r = -24 + 10. Let u be (-4)/r - (-288)/(-28). What is the tens digit of g(u)?
4
Let y = 4938 + -3015. What is the units digit of y?
3
Suppose 0 = 47*i - 5303 - 10818. What is the hundreds digit of i?
3
Let c(s) = 447*s**2 + 7*s + 1. What is the tens digit of c(-1)?
4
Suppose 0 = 3*l + 5*t + 88, 5 + 15 = 5*t. Let m = l + 125. What is the tens digit of m?
8
Let c(w) = w**3 + 7*w**2 + 7*w + 9. Let q be c(-6). Suppose q*h = 7*h. Suppose -5*v + 2*j = -25, -2*v + 4*j + h*j = -26. What is the units digit of v?
3
Let p(a) be the second derivative of -1/2*a**2 - 3*a + 1/12*a**4 + 0 + 7/6*a**3. What is the units digit of p(-8)?
7
Let x be (-4)/(-4) + (-353 - 16/(-4)). Let j = 599 + x. What is the hundreds digit of j?
2
Let a = 20099 + -13782. What is the hundreds digit of a?
3
Let g = 402 + -238. What is the hundreds digit of g?
1
Suppose -g - 509 = 2*f - 7*f, -f + 97 = -5*g. What is the units digit of f?
2
Suppose -u + 16*n + 942 = 17*n, 3813 = 4*u - 5*n. What is the hundreds digit of u?
9
Let h(y) = 8*y**2 - 2*y - 11. Suppose 5*t - 4*g + 1 = -27, -t = 4*g - 4. What is the units digit of h(t)?
5
Let z(v) = 2*v - 8. Let u be z(7). What is the units digit of 268/u - (1 - (-1)/(-3))?
4
Suppose v - 84 = -3*z, 39 = 2*v + 2*z - 113. Suppose 12*a - v = 10*a. Suppose -2*i + a + 46 = 0. What is the tens digit of i?
4
Suppose 7*v - 3*v = 12. Suppose v*t - 116 = 22. Let j = t + -18. What is the units digit of j?
8
Let l = 3334 + -1266. What is the units digit of l?
8
Let r(i) = 19*i + 5. Let d be r(-7). Let o = d + 247. What is the hundreds digit of o?
1
Let s(a) = -a**2 + 8*a - 5. Let h be s(7). Suppose 7*l - h*v + 26 = 2*l, 5*v + 10 = 0. What is the units digit of ((-4)/l)/((-5)/(-45))?
6
Suppose 5*h + 2*t + 3*t - 90 = 0, 8 = 2*t. Let a(f) = f**3 - 13*f**2 - 8*f + 3. What is the tens digit of a(h)?
8
Let b(i) = -i**2 - i + 372. Let f be b(0). Suppose -5*y = -f + 92. What is the tens digit of y?
5
Suppose l = -0*l + 6. Let j(t) = -t**2 + 7*t - 7. Let h be j(l). What is the units digit of (2/h)/((-14)/133)?
9
Let y(u) = -2*u**3 - 20*u**2 + 9*u - 5. Let j be y(-10). What is the hundreds digit of (-31265)/j + (-2)/19?
3
Suppose 9*p - 4*p = -4*z + 1552, -5*p + 2*z = -1534. What is the tens digit of p?
0
Let j(q) = 11*q - 17. Let a be j(11). Let k = a + -50. What is the units digit of k?
4
Suppose u - 4*d + 16 = -0*d, -u - 6 = -2*d. Suppose -4*a + 4*g = -300, 2*a - 3*a + u*g = -63. What is the tens digit of a?
7
Let n = -685 + -217. What is the units digit of (-5)/30 + n/(-12)?
5
Let k(z) be the first derivative of 5*z**2/2 + 9*z - 3. Let y be k(5). Let a = y - 7. What is the units digit of a?
7
Suppose 51 = -36*z + 37*z. Suppose 6*x - 4*n = 2*x - 88, -4*x - 70 = 2*n. What is the units digit of x + 22 + z + -1?
3
Suppose 10*j + 7520 = 20*j. What is the units digit of j?
2
Let m = -37 + 137. What is the units digit of m?
0
Suppose a = -2*b + 5, 5*b + 2*a = a + 5. Suppose m = -b*m + 5*c + 41, c + 37 = 2*m. What is the units digit of m?
6
Let w(c) = c**3 - 7*c**2 + 25*c + 9. What is the units digit of w(6)?
3
Let w(d) = d**3 - d**2 + d - 323. Let i be w(0). Let g = -213 - i. Suppose -q + 6*q = g. What is the tens digit of q?
2
Suppose 0 = -2*n, 0 = 4*f + 5*n - 317 - 4291. What is the thousands digit of f?
1
Let y be -3*(-14)/(-63) - (-121)/(-3). Let k = y + 141. What is the hundreds digit of k?
1
Let v(w) = w**2 - 6*w + 7. Let l be v(5). What is the hundreds digit of 4/(-6) - (1005/(-9) - l)?
1
Suppose -3 = 4*o - 11. What is the hundreds digit of 138 + (1 - -1)*o/4?
1
Suppose 0 = 4*m - 13264 + 2712. What is the thousands digit of m?
2
Suppose -2*w - 23 = -0*m + 5*m, 2*m = -w - 9. Let x be (-183)/m + 8/20. Suppose x = 5*z + 3*i + 6, 5*i = -z - 7. What is the units digit of z?
8
Let r = 250 - 106. What is the tens digit of r?
4
Suppose 5*w - 155 = 65. Let p = w + 6. What is the units digit of p?
0
Suppose 5*x + 1241 = 3*j, 4*x - 887 = -5*j + 1206. Suppose 0 = 5*c - 2*c - j. What is the tens digit of c?
3
Let a(o) = 2*o**2 - 11*o + 20. Let f(h) = 11*h**2 + 17*h - 4*h - 3 + 3*h**3 - 4*h**3 - 2. Let y be f(12). What is the tens digit of a(y)?
4
Suppose -9*h = -4*h - 4*d - 2116, 5*h - 2117 = 3*d. What is the units digit of h?
4
Suppose -19*l + 199 = -6489. What is the units digit of l?
2
Suppose 3*z - 3 = 3*d + 6, 25 = 5*z + 5*d. Let i(r) = z - 8*r - r - 4. What is the tens digit of i(-2)?
1
What is the units digit of (14 - 5)/((-3)/(-200))?
0
Suppose 7*r - 6*r - 809 = 0. What is the hundreds digit of r?
8
Suppose -k + 25 = 4*k. Suppose 4*f + 4*s = 4, -2*f + k*s = 2*s - 7. Suppose 3*c + 4*d = -2*c + 76, -4*c = f*d - 62. What is the tens digit of c?
1
Let b = -34 + 36. Suppose 0 = -4*o + 16, -b*w + w + 72 = 5*o. What is the units digit of w?
2
Let s(x) be the first derivative of -5*x**2/2 - 10*x - 2. Let h be s(7). Let n = h + 67. What is the tens digit of n?
2
Let t(j) = -6 - 1 + 4*j + 2 + j**2 + 4.